+ 62 = 3*o + 260, 5 = -k*s. Let f = -21 - o. What is the units digit of f?
4
Suppose 11*s - 10*s - 112 = 0. What is the hundreds digit of s/(-6)*405/(-60)?
1
Let o(h) = 142*h - 59. Suppose -g + 15 - 10 = 0. What is the units digit of o(g)?
1
Let j = -72745 - -109156. What is the units digit of j?
1
Let l = 431 - 399. What is the tens digit of 6166/16 + (-12)/l?
8
Suppose -2 = -10*j + 9*j. Suppose -j - 12 = 2*t. What is the units digit of -1 - 1 - (-32 - t)?
3
Suppose 4*m - b - 717 = 0, 0*m = 4*m + b - 723. Suppose -16*o + m = 4*o. What is the units digit of o?
9
What is the units digit of (8 + 7 + 110312)/7?
1
Let w = 358 - 329. Suppose w*k - 891 = 18*k. What is the units digit of k?
1
Suppose -484*j = -533*j + 336679. What is the tens digit of j?
7
Suppose o - 16 = -3*a, 5*a - 5*o - 8 = -2*o. What is the tens digit of (-26 + 10)*(a/(-2) + -44)?
3
Suppose 17*o = 19*o + 8. What is the units digit of 2*o + -83 + 475?
4
Suppose 0 = 106*u + 141*u - 4086368. What is the thousands digit of u?
6
Let b(i) = i**3 - 9*i**2 + 12*i - 6. Let o be b(7). Let z be o/((-111)/39 - -3). Let w = z - -268. What is the hundreds digit of w?
1
Let o(u) = 6*u**3 - 11*u**2 + 12*u + 9. Let k be o(7). Suppose -k*j + 1609*j + 2526 = 0. What is the hundreds digit of j?
8
Let q = 290 - 288. Suppose 3*t + 3*w = 1347 - 252, -q*w = -5*t + 1825. What is the units digit of t?
5
Suppose 17 + 3 = 4*t. Let c be t/(-1)*(-6)/(-5). What is the units digit of 93 + -1 + c + 3?
9
Suppose -5*l + 12 = -l. Suppose l*f - 13 = -4*p, 2*p + 2 = 3*p + 2*f. Suppose 5*j - 4*i - 505 - 162 = 0, p*j + 4*i = 512. What is the hundreds digit of j?
1
Let x(o) = 4554*o**2 - 166*o - 3. What is the units digit of x(-2)?
5
Let i(v) be the second derivative of v**4/12 + 7*v**3/6 + 3*v**2 - 31*v. Let c(g) = -g + 1. Let b be c(8). What is the units digit of i(b)?
6
Suppose 36*w + 2463 = -3238 - 527. Let r be (-1 - -361) + 0/(-1). Let h = r + w. What is the hundreds digit of h?
1
What is the ten thousands digit of 537166/7 + 3*40/(-30)?
7
Let f(w) = -379*w - 93. What is the tens digit of f(-3)?
4
Suppose -42*q = 27*q + 21*q - 3623220. What is the hundreds digit of q?
2
Let z be ((-4)/3)/(((-442)/(-1581))/(-13)). Suppose z*y - 2650 = 4480. What is the tens digit of y?
1
Suppose 0 = -l + 4*s, -6*l - 21 = -l + s. Let t = -1 - -3347. What is the hundreds digit of (-6)/l - (t/(-4))/7?
1
Suppose -42*g + 105092 + 8297 = -40289. What is the units digit of g?
9
Suppose -28590 = -6*i + 20514. What is the tens digit of i?
8
Let a(f) = -f**2 + 3*f + 2. Let s be a(4). Let p be s/8 - 11/4. What is the hundreds digit of 8 + 9/p - -142?
1
Suppose 35 = 3*t - 16. Suppose t = 4*f - 35. Suppose -3*x = f - 22. What is the units digit of x?
3
Let v(p) = 20*p - 54. Let h(q) = -q**2 - 6*q + 57. Let c be h(-11). Suppose c*j - 110 = -82. What is the hundreds digit of v(j)?
2
Suppose 6*z - 18 = -0. Suppose s = z*s - 102. Let p = s - -68. What is the hundreds digit of p?
1
Suppose -6*v - 2*t = -v - 32474, 3*v + t = 19483. What is the tens digit of v?
9
Suppose 5734 = -5*o + 4*r, -2*o = -0*r - 2*r + 2292. Let s = -518 - o. What is the hundreds digit of s?
6
Let g(b) be the second derivative of b**5/20 - b**4/3 - b**3/6 + 5*b**2/2 - b. Suppose 99 - 39 = 10*m. What is the units digit of g(m)?
1
Suppose -493 = 4*i - 133. What is the hundreds digit of 1946/10 + 54/i?
1
Let n be ((-795)/(-20))/(3/44). Suppose -589*i + n*i + 4866 = 0. What is the units digit of i?
1
Let j = -60 + 63. Suppose j = -r + 1. What is the hundreds digit of r*2/(16/(-668))?
1
Suppose -r - 51 = -52. Let q be (-2)/(-2) - r/(-1). Suppose -q*p = -9 - 31. What is the units digit of p?
0
Suppose 3*y - 15 = 0, 0 = -3*k - 5*y + y - 7. What is the hundreds digit of k/(-18)*-10*(-154)/5?
1
Suppose 8*z - 7*z = -2*q - 10, 2*z - 5*q - 25 = 0. Suppose z = 11*b - 112 - 823. What is the tens digit of b?
8
Let l(x) = x**3 + 9*x**2 - 11*x + 12. Let f be l(-10). Let s = f + 59. What is the units digit of s?
1
What is the thousands digit of 19366*(-33*(-11)/1210)/(6/50)?
8
Let a(j) = -j**3 + 3*j**2 + 5*j + 6. Let d be a(-3). Suppose 4*g = -5*k + d, g = -0*k + 3*k - 10. Let z(p) = p**3 - 9*p + 7. What is the tens digit of z(g)?
8
Suppose 4310598 - 40293 = 183*j. What is the hundreds digit of j?
3
Suppose 1030 - 13302 = 8*m. Let l = 2477 + m. What is the tens digit of l?
4
Suppose -55 = -3*q + y, 3*q + 2*q = 5*y + 95. Suppose q*d = 16*d + 26. Suppose -d*w = -14*w + 105. What is the hundreds digit of w?
1
Let m(l) = -l**3 - 21*l**2 + 20*l - 85. Let w be m(-20). Let u = -411 - w. What is the units digit of u?
4
Let y = -25 + 130. Suppose 0 = 112*i - y*i - 2779. What is the units digit of i?
7
Let c be (-2046)/31*2/6. Let a(y) = 2*y**2 + 28*y + 17. Let s be a(c). Suppose 2*v - 141 - s = 0. What is the hundreds digit of v?
2
Suppose 95*p + 630432 - 4352342 = 0. What is the ten thousands digit of p?
3
Let x be (-3 + 6)/(8/856). Let d = 39 + x. What is the tens digit of d?
6
Suppose -187 = -4*d + 9. Let t = 55 - d. Suppose m = -m + t. What is the units digit of m?
3
Suppose -2*j - g + 15098 = 0, -11*g = -12*g + 4. What is the thousands digit of j?
7
Let h = -91 + 183. Let i = h + -95. What is the units digit of -7 + 92/12 + (-211)/i?
1
Let d(u) = -28 + 62*u + 15*u + 29. Let y be d(-2). Let f = y - -259. What is the units digit of f?
6
Let p = 180 + -175. Suppose -p*r = 5*d - 2340, d + 0*d = 3*r + 460. What is the tens digit of d?
6
Let m = -128 + 223. Let r be (m/(-4))/((-3)/96). Suppose -28*k + 32*k - r = 0. What is the units digit of k?
0
Suppose 4*a - 4 = -4*p, -p + 0 - 3 = -a. Suppose -f = -a*c - 72 - 6, -c + 348 = 4*f. What is the tens digit of f?
8
Let y(i) = 20040*i + 1124. What is the tens digit of y(1)?
6
Suppose -21*p = 2043 + 3249. Let c = 651 - p. What is the units digit of c?
3
Suppose -k = k - 20. Suppose 3*t + 2*y - k = 0, 0*t - 16 = -2*t + y. Suppose t*b + 26 = 19*b. What is the units digit of b?
2
Suppose 3*n + 4*z - 3*z = 4657, 8 = -4*z. Suppose -n = 7*c - 7986. What is the units digit of c?
9
Suppose -11*a = -410989 - 5064. Suppose 28*y = a - 8451. What is the hundreds digit of y?
0
Suppose -g = 12*g - 22*g + 217962. What is the tens digit of g?
1
Let z(g) be the third derivative of -7*g**6/20 - g**5/60 - g**4/6 - g**3/2 - 43*g**2. Let v be -1*2/((-4)/(-2)). What is the tens digit of z(v)?
4
Let x(j) = -70 - 12*j + 9*j**2 + 140 - 76 + j**3. What is the units digit of x(-5)?
4
Let h = 437 + -429. Suppose -h*j = -0*j - 3800. What is the hundreds digit of j?
4
Suppose 0 = -5*h + 654 - 694. Suppose -3*d - 40 = x + 2*d, 0 = -3*x - 3*d - 60. What is the units digit of h/(-20) - 1734/x?
6
Suppose 0 = 23*z + 8*z - 584200 - 75728. What is the thousands digit of z?
1
Let u(d) = -833*d + 379. What is the tens digit of u(-3)?
7
Suppose 98*j - 810787 = 1219808 + 766031. What is the tens digit of j?
3
Let n(v) = -3*v + 7. Let g be n(-2). Suppose g*t + 4*t - 18479 = 0. What is the hundreds digit of t?
0
Suppose 27*z + 10255 = 139099. What is the tens digit of (-84)/(-24)*z/14?
9
Suppose -42*o + 244174 - 115799 = -158023. What is the tens digit of o?
1
Suppose 11627 + 56407 = 51*x. What is the thousands digit of x?
1
Suppose -8 = -4*t - 4*j, 15*j - 22 = -3*t + 16*j. Let r(b) = -15 - 8*b**2 + 12*b - 2*b + 2*b**2 + b**3. What is the units digit of r(t)?
5
Let w(s) = s**3 + 6*s**2 - 10*s - 8. Let n be w(-8). Let k = n - -83. What is the units digit of k?
7
Suppose 4*v = v - 135. Let n be 7/(70/160)*-4. Let q = v - n. What is the units digit of q?
9
Let a be (-24)/(-228) - (-1 - (-2217)/(-57)). What is the hundreds digit of 30425/a + 6/16?
7
Suppose 0 = -55*n + 94*n - 231231. What is the tens digit of n?
2
Let g(v) = v**2 - 9*v + 19. Suppose -3*a = -3*i, -24 = -4*a - 0*i - 4*i. Let z be g(a). What is the units digit of 27*(7 + -4 - z)?
4
Suppose 3*t + 3*q - 15 = q, 0 = -2*q - 6. Let s(y) = 196*y + 1. Let k be s(1). Suppose t*j - k - 181 = 0. What is the tens digit of j?
5
Suppose 0 = 30*r - 32*r - 6. Let s be (-164)/(-14) + 6/21. What is the tens digit of (-271)/(-3) + r - (-8)/s?
8
Let c(t) = 3*t**2 - 39*t - 23. Suppose -82 = -4*r + w - 14, 0 = 5*r + w - 94. What is the units digit of c(r)?
7
Let u be ((-85)/136 + 3/(-8))*8. What is the hundreds digit of (24/u + 1022)/((-1)/(-1))?
0
Let s(n) =